 be 5/7 + (813215/91)/5. What is the greatest common factor of 60 and h?
12
Let f be (2 + 16)*(1/3)/1. Suppose v + 5*n = 27, -f*v - 4*n = -4*v - 30. Calculate the highest common divisor of 77 and v.
7
Let j be (-6 + 9)*6/9 - -168. Let w = 48 - -20. Calculate the highest common factor of w and j.
34
Let x = -37 + 43. Let w be (-10)/(-8) - (x/8)/(-1). Suppose 2*r + 2*r = 2*d + 672, 5*r = -w*d + 840. Calculate the greatest common divisor of 21 and r.
21
Suppose 0 = -13*a + 4*a + 72. Let l = -38 + a. Let v = l + 65. What is the greatest common divisor of v and 280?
35
Suppose 0 = -19*s + 22*s - c - 59, 2*c + 78 = 4*s. What is the highest common divisor of s and 3590?
10
Suppose 12*n + 44786 = -4*n + 30*n. Calculate the highest common factor of 7 and n.
7
Let u = 56 - 18. Let q = 27850 - 27844. Calculate the highest common divisor of q and u.
2
Suppose -17*r = -25*r + 56. Let z be (-74)/(-259) - 341/(-7). Calculate the highest common factor of z and r.
7
Let o be 28472/28 - 38/(-266). What is the highest common divisor of 45 and o?
9
Let v(n) = -n**2 - 7*n + 5. Let c be v(-7). Let m = -85 + 97. Suppose -m = -3*b - 21, 30 = x + 5*b. Calculate the greatest common divisor of x and c.
5
Let y be (-4*6655/(-100) - -11)*15/6. What is the greatest common divisor of y and 3717?
63
Let j be 5/((-120)/(-196)) - (-2)/(-12). Let f be -1 - -3 - (-130 - 4 - j). What is the highest common factor of f and 48?
48
Let k = 3325 + -3245. Calculate the highest common factor of k and 1264.
16
Suppose 5*u - 4*f - 85 - 11 = 0, -f = 5*u - 76. Suppose u*h = 6*h + 1320. Calculate the highest common factor of 198 and h.
66
Suppose 3*b + l - 2 = 0, -b - l + 5 = 7. Suppose -o = b, 2*v - 4*o - o = 40. Calculate the highest common factor of v and 6.
3
Suppose 87*l - 85*l = -o - 850, 5*l + 1704 = -2*o. Let x = -776 - o. What is the highest common factor of 33 and x?
33
Let u be 8 + (-7712)/(-208) + (-1)/13. Suppose -2*b = b - 54. Calculate the greatest common factor of b and u.
9
Let p = 10628 + -10572. Suppose -2*l + 5 = 97. Let r = p + l. Calculate the greatest common divisor of r and 40.
10
Suppose 3*q = 5*q - 92. Suppose -11*g = -755 - 1775. Calculate the greatest common divisor of g and q.
46
Suppose 19*r = 222 - 1115. Let h = -75 + 126. Let j = h + r. Calculate the highest common factor of j and 1.
1
Let a(f) = 2*f**2 - 61*f - 81. Let r be a(37). Calculate the greatest common factor of 1120 and r.
80
Let i be 6/2 + -2 + 1. Suppose 0 = 2*b + 2*f - 22, 0 = -4*b - 5*f + i*f + 41. Suppose 481 = b*z - 1055. Calculate the greatest common divisor of 24 and z.
24
Suppose -44 = 14*m + 40. Let z be 14 + 10/(-5) - m. Calculate the greatest common factor of 24 and z.
6
Let f be 94128/63 - (-122)/(-1281). What is the greatest common factor of f and 54?
18
Suppose 13*c = 10*c. Suppose c = 5*a - 5 - 5. Suppose -3*l - a*b = -30, 3*l + 2*b + b = 30. What is the greatest common factor of l and 4?
2
Let m be (1864/(-699))/(2/(-6)). Calculate the greatest common factor of m and 7868.
4
Let w be 1456/66 - 24/396. What is the greatest common factor of w and 6545?
11
Suppose 8*d - 75 = 3*d + 5*m, 3*m = d - 5. Suppose 2*w = d*w - 4320. What is the highest common divisor of w and 15?
15
Suppose 35 = 3*o - 4. Suppose -257 = 20*f + 143. Let h(r) = -r**3 - 21*r**2 - 20*r + 52. Let d be h(f). Calculate the greatest common divisor of o and d.
13
Let f be 280/(-63) + 4 - (-876)/27. Let i be (-1 - (33 + -2))*-3. Calculate the highest common divisor of f and i.
32
Let m be (-92*7/(-56))/(5/(-210)*-3). Let f = 0 - -23. Calculate the greatest common factor of m and f.
23
Suppose -11*k = -13*k + 4. Suppose 10 = -5*i, 19 = v + 2*v - k*i. Suppose -v*p = -p - 468. What is the highest common divisor of 13 and p?
13
Suppose y - 15 - 5 = 0. Let z be 4/(-16) - 33/(-4). Suppose -7*q = -8*q + z. What is the greatest common factor of q and y?
4
Let r be 0*(-2)/2 + (-1 - -3). Suppose 0*g - r*g - 3*h = -38, -3*g = -2*h - 70. Let b = -16 + g. Calculate the highest common factor of b and 12.
6
Suppose -s = -5*d + 23, -2*d + 3*d - 5*s + 5 = 0. Let t = d + -8. Let f be (-33)/t + 4*1. Calculate the highest common divisor of 10 and f.
5
Suppose 30*b + 25*b = -9423 + 88073. What is the highest common divisor of 130 and b?
130
Let q = -15769 - -17639. What is the highest common factor of 40 and q?
10
Suppose 4*u + 92 = -4*t, 6 = 3*u + 5*t + 77. Let o = 57 + u. Let b = 275 + -268. Calculate the greatest common factor of o and b.
7
Let s = -467 + 657. Suppose 0 = s*j - 193*j + 285. Calculate the highest common divisor of 57 and j.
19
Let u(o) = -o**3 + 5*o**2 + 5*o. Let x be u(5). Let b be 20 + (-18 - -12) + (-26 - -13). Calculate the highest common divisor of b and x.
1
Let y = -140 - -468. Let w = y - 298. What is the highest common factor of 54 and w?
6
Suppose 3*x = g + 9, 11*x - 15*x = -g - 12. Suppose 4*c - 23 = -11, -5*p = -x*c - 631. Calculate the highest common factor of 160 and p.
32
Let o be (-2)/7 + 1270/35. Suppose -8*u + o = -5*u. Suppose 3*k - 126 - 153 = -3*n, 2*k = -4*n + 180. What is the highest common factor of k and u?
12
Let s = 4370 + 271. What is the greatest common divisor of 52 and s?
13
Let g = -23 - -21. Let p = g + 0. Let s = p - -29. What is the greatest common factor of 162 and s?
27
Suppose -p + 509 = 4*b + 394, -55 = -2*b - p. What is the highest common divisor of b and 3940?
10
Let i(l) = l**3 + 7*l**2 + 4*l + 2. Let h be i(-3). Let c(m) = -10*m**2 + 534*m - 69. Let s be c(53). What is the highest common divisor of h and s?
13
Suppose 59 = 45*k - 1426. What is the greatest common factor of k and 3311?
11
Let c = -1622 + 1811. Calculate the highest common factor of c and 203.
7
Let w(v) = v**3 - 17*v**2 + 19*v + 34. Let d be w(22). Let u be d/48 - 1/(-6). What is the greatest common factor of 12 and u?
12
Let u = -6460 - -6515. What is the highest common divisor of u and 40?
5
Let d be -3 + -5 + (5665 - 22). Calculate the highest common factor of d and 49.
49
Suppose 3*m - 7636 = 2*b - 0*b, m - 2544 = 2*b. Suppose m = 7*c - 1024. Calculate the greatest common divisor of 30 and c.
30
Suppose 301*c + 88*c = -5027687 + 18168107. What is the highest common divisor of 60 and c?
60
Suppose 0 = -75*w + 84*w - 4437. Calculate the highest common factor of 51 and w.
17
Suppose 142*d - 161*d - 1228 = -21615. Calculate the highest common divisor of d and 377.
29
Let v(x) = x**2 - x + 12. Let p = -510 - -501. Let r be v(p). What is the highest common divisor of r and 17?
17
Let n = 652 - 682. Let u be (-6)/(-10) - (2 + 28542/n). What is the greatest common divisor of u and 38?
38
Suppose -5*t - 413 = -4*p + 122, 4*p - 575 = -3*t. Suppose -32 = -3*b - p. Let g be -2 + 3 + (1 - b). Calculate the greatest common divisor of g and 95.
19
Let t = -30 - -33. Let y be (-2 + t)/(35/15 + -2). Suppose -7*s + 3*s + 19 = -3*a, y*a + 3 = 0. Calculate the greatest common divisor of 32 and s.
4
Let s = -7841 + 8244. Calculate the greatest common factor of 589 and s.
31
Let b = -262 - -269. Let r(o) = o + 32. Let d be r(-4). Calculate the highest common factor of b and d.
7
Let l(x) be the second derivative of -x**5/20 - 7*x**4/12 + 14*x**3/3 - 5*x**2 + 61*x. Let d be l(-10). Calculate the highest common factor of d and 130.
10
Let b = 130 - 514. Let l = -196 - b. What is the highest common divisor of l and 4?
4
Suppose 0 = 5*a - 4*y - 85, 2*y - 32 = -2*a + 4*y. Calculate the highest common factor of 1484 and a.
7
Suppose -37 = -g - s, 28 = -0*g + g + 4*s. Let j = 25 + -44. Let x = j + g. What is the greatest common divisor of x and 7?
7
Suppose 567 = 3*p - 2*p. Let z be ((-6)/45 + (-9 - (-7343)/735))*(60 + -11). What is the greatest common factor of z and p?
21
Suppose -17*q = -14*q - 15. Let g = -165 + 269. Suppose 2*u - u + y - 24 = 0, -4*u = -4*y - g. What is the greatest common divisor of q and u?
5
Let q be (-10 - -11)/(5/30). What is the highest common factor of q and 5442?
6
Let d(h) = -h**2 - 10*h - 8. Let q be d(-7). Let w = 1421 + -1252. What is the highest common factor of w and q?
13
Suppose 0*s + 2376 = 3*s. What is the greatest common factor of 330 and s?
66
Let k be (1 + -2)*(-133 + 13 + -3 + 2). Calculate the highest common factor of k and 110.
11
Let z be (4 + -8)*(25/(-4) - 1). Let g = 178 + -91. Calculate